{"id":541,"date":"2019-12-12T16:00:01","date_gmt":"2019-12-12T13:00:01","guid":{"rendered":"http:\/\/conference.cag.edu.tr\/doguakdeniz\/?page_id=541"},"modified":"2023-07-19T22:29:51","modified_gmt":"2023-07-19T19:29:51","slug":"duzeleme-kurulu","status":"publish","type":"page","link":"http:\/\/conference.cag.edu.tr\/doguakdeniz\/duzeleme-kurulu\/","title":{"rendered":"D\u00fczenleme Kurulu"},"content":{"rendered":"\n<figure class=\"wp-block-table\"><table><tbody><tr><td>Prof.\n  Dr.<\/td><td>Ali Engin Oba<\/td><td>\u00c7a\u011f \u00dcniversitesi<\/td><\/tr><tr><td> Prof. Dr. <\/td><td>Harun Ar\u0131kan <\/td><td>\u00c7ukurova \u00dcniversitesi  <\/td><\/tr><tr><td>Prof. Dr.<\/td><td>Kenan Lopcu<\/td><td>\u00c7ukurova \u00dcniversitesi   <\/td><\/tr><tr><td>Do\u00e7. Dr.<\/td><td>Sevgi Balkan \u015eahin  <\/td><td>\u00c7a\u011f \u00dcniversitesi  <\/td><\/tr><tr><td>Do\u00e7. Dr.<\/td><td>Bu\u011fra Sar\u0131 <\/td><td>Mersin \u00dcniversitesi<\/td><\/tr><tr><td> Do\u00e7. Dr. <\/td><td>Azime Telli <\/td><td>Mersin \u00dcniversitesi <\/td><\/tr><tr><td> Ar\u015f. G\u00f6r. <\/td><td>\u0130lke Ta\u015fdemir   <\/td><td>\u00c7a\u011f \u00dcniversitesi<\/td><\/tr><tr><td> Ar\u015f. G\u00f6r.  <\/td><td>\u00d6zge \u00c7etiner <\/td><td>\u00c7a\u011f \u00dcniversitesi <\/td><\/tr><tr><td><\/td><td><\/td><td><\/td><\/tr><tr><td><\/td><td><\/td><td><\/td><\/tr><\/tbody><\/table><\/figure>\n","protected":false},"excerpt":{"rendered":"<p>Prof. Dr. Ali Engin Oba \u00c7a\u011f \u00dcniversitesi Prof. Dr. Harun Ar\u0131kan \u00c7ukurova \u00dcniversitesi Prof. Dr. Kenan Lopcu \u00c7ukurova \u00dcniversitesi Do\u00e7. Dr. Sevgi Balkan \u015eahin \u00c7a\u011f \u00dcniversitesi Do\u00e7. Dr. Bu\u011fra Sar\u0131 Mersin \u00dcniversitesi Do\u00e7. Dr. Azime Telli Mersin \u00dcniversitesi Ar\u015f. G\u00f6r. \u0130lke Ta\u015fdemir \u00c7a\u011f \u00dcniversitesi Ar\u015f. G\u00f6r. \u00d6zge \u00c7etiner \u00c7a\u011f \u00dcniversitesi<\/p>\n","protected":false},"author":1,"featured_media":0,"parent":0,"menu_order":0,"comment_status":"closed","ping_status":"closed","template":"","meta":[],"_links":{"self":[{"href":"http:\/\/conference.cag.edu.tr\/doguakdeniz\/wp-json\/wp\/v2\/pages\/541"}],"collection":[{"href":"http:\/\/conference.cag.edu.tr\/doguakdeniz\/wp-json\/wp\/v2\/pages"}],"about":[{"href":"http:\/\/conference.cag.edu.tr\/doguakdeniz\/wp-json\/wp\/v2\/types\/page"}],"author":[{"embeddable":true,"href":"http:\/\/conference.cag.edu.tr\/doguakdeniz\/wp-json\/wp\/v2\/users\/1"}],"replies":[{"embeddable":true,"href":"http:\/\/conference.cag.edu.tr\/doguakdeniz\/wp-json\/wp\/v2\/comments?post=541"}],"version-history":[{"count":16,"href":"http:\/\/conference.cag.edu.tr\/doguakdeniz\/wp-json\/wp\/v2\/pages\/541\/revisions"}],"predecessor-version":[{"id":896,"href":"http:\/\/conference.cag.edu.tr\/doguakdeniz\/wp-json\/wp\/v2\/pages\/541\/revisions\/896"}],"wp:attachment":[{"href":"http:\/\/conference.cag.edu.tr\/doguakdeniz\/wp-json\/wp\/v2\/media?parent=541"}],"curies":[{"name":"wp","href":"https:\/\/api.w.org\/{rel}","templated":true}]}}