{"id":542,"date":"2019-12-12T16:00:07","date_gmt":"2019-12-12T13:00:07","guid":{"rendered":"http:\/\/conference.cag.edu.tr\/doguakdeniz\/?page_id=542"},"modified":"2023-07-20T13:53:06","modified_gmt":"2023-07-20T10:53:06","slug":"bilim-kurulu","status":"publish","type":"page","link":"http:\/\/conference.cag.edu.tr\/doguakdeniz\/bilim-kurulu\/","title":{"rendered":"Bilim Kurulu"},"content":{"rendered":"\n<figure class=\"wp-block-table\"><table><tbody><tr><td><strong>SIRA NO<\/strong><a><\/a><strong><\/strong><\/td><td><a><\/a><strong>UNVANI<a><\/a><\/strong><\/td><td><a><\/a><strong>ADI-SOYADI<a><\/a><\/strong><\/td><td><a><\/a><strong>KURUM\/KURULU\u015e<a><\/a><\/strong><\/td><td><a><\/a><strong>B\u00d6L\u00dcM<a><\/a><\/strong><\/td><td><a><\/a><strong>ETK\u0130NL\u0130KTEK\u0130 G\u00d6REV\u0130<a><\/a><\/strong><\/td><\/tr><tr><td>1.<\/td><td>Prof. Dr.<\/td><td>Ali Engin Oba<\/td><td>\u00c7a\u011f \u00dcniversitesi<\/td><td>Uluslararas\u0131 \u0130li\u015fkiler<\/td><td>Bildiri \u00f6zetlerinin de\u011ferlendirilmesi<\/td><\/tr><tr><td>2.<\/td><td>Prof. Dr.<\/td><td>Harun Ar\u0131kan<\/td><td>\u00c7ukurova \u00dcniversitesi<\/td><td>Siyaset Bilimi ve Uluslararas\u0131 \u0130li\u015fkiler<\/td><td>Bildiri \u00f6zetlerinin de\u011ferlendirilmesi<\/td><\/tr><tr><td>3.&nbsp; &nbsp;<\/td><td><a><\/a><a><\/a>Prof. Dr.<\/td><td>Asl\u0131 Ilg\u0131t<\/td><td>\u00c7ukurova \u00dcniversitesi<\/td><td><a><\/a><a><\/a>Siyaset Bilimi ve Uluslararas\u0131 \u0130li\u015fkiler<\/td><td><a><\/a><a><\/a>Bildiri \u00f6zetlerinin de\u011ferlendirilmesi, D\u00fczenleme Kurulu\u2019nu bilimsel ve y\u00f6netsel a\u00e7\u0131dan destekleme<\/td><\/tr><tr><td>4<\/td><td>Prof. Dr. <\/td><td>Mehmet \u0130smail Ya\u011fc\u0131 <\/td><td>Mersin \u00dcniversitesi<\/td><td>\u00dcretim Y\u00f6netimi ve Pazarlama<\/td><td> Bildiri \u00f6zetlerinin de\u011ferlendirilmesi <\/td><\/tr><tr><td>5.<\/td><td>Do\u00e7. Dr.<\/td><td>Sevgi Balkan \u015eahin<\/td><td>\u00c7a\u011f \u00dcniversitesi<\/td><td>Uluslararas\u0131 \u0130li\u015fkiler<\/td><td>Bildiri \u00f6zetlerinin de\u011ferlendirilmesi<\/td><\/tr><tr><td>6.<\/td><td><a><\/a><a><\/a>Prof. Dr.<\/td><td>Ioannis Armakolas<\/td><td>Makedonya \u00dcniversitesi<\/td><td><a><\/a><a><\/a>Uluslararas\u0131 \u0130li\u015fkiler<\/td><td><a><\/a><a><\/a>Bildiri \u00f6zetlerinin de\u011ferlendirilmesi, D\u00fczenleme Kurulu\u2019nu bilimsel ve y\u00f6netsel a\u00e7\u0131dan destekleme<\/td><\/tr><tr><td>7.<\/td><td><a><\/a><a><\/a>Do\u00e7. Dr.<\/td><td>Bu\u011fra Sar\u0131<\/td><td>Mersin \u00dcniversitesi<\/td><td><a><\/a><a><\/a>Uluslararas\u0131 \u0130li\u015fkiler<\/td><td><a><\/a><a><\/a>Bildiri \u00f6zetlerinin de\u011ferlendirilmesi<\/td><\/tr><tr><td>8.<\/td><td><a><\/a><a><\/a>Do\u00e7. Dr.<\/td><td>Azime Telli<\/td><td>Mersin \u00dcniversitesi<\/td><td><a><\/a><a><\/a>Uluslararas\u0131 \u0130li\u015fkiler<\/td><td><a><\/a><a><\/a>Bildiri \u00f6zetlerinin de\u011ferlendirilmesi<\/td><\/tr><tr><td>9.<\/td><td><a><\/a><a><\/a>Do\u00e7. Dr.<\/td><td>Marella Bodur \u00dcn<\/td><td>\u00c7ukurova \u00dcniversitesi<\/td><td>Siyaset Bilimi ve Uluslararas\u0131 \u0130li\u015fkiler<\/td><td><a><\/a><a><\/a>Bildiri \u00f6zetlerinin de\u011ferlendirilmesi, D\u00fczenleme Kurulu\u2019nu bilimsel ve y\u00f6netsel a\u00e7\u0131dan destekleme<\/td><\/tr><tr><td>10.<\/td><td>Dr. \u00d6\u011fr. \u00dcyesi<\/td><td>Saffet Akkaya<\/td><td>\u00c7a\u011f \u00dcniversitesi<\/td><td>Uluslararas\u0131 \u0130li\u015fkiler<\/td><td>Bildiri \u00f6zetlerinin de\u011ferlendirilmesi<\/td><\/tr><\/tbody><\/table><\/figure>\n\n\n\n<p><\/p>\n","protected":false},"excerpt":{"rendered":"<p>SIRA NO UNVANI ADI-SOYADI KURUM\/KURULU\u015e B\u00d6L\u00dcM ETK\u0130NL\u0130KTEK\u0130 G\u00d6REV\u0130 1. Prof. Dr. Ali Engin Oba \u00c7a\u011f \u00dcniversitesi Uluslararas\u0131 \u0130li\u015fkiler Bildiri \u00f6zetlerinin de\u011ferlendirilmesi 2. Prof. Dr. Harun Ar\u0131kan \u00c7ukurova \u00dcniversitesi Siyaset Bilimi ve Uluslararas\u0131 \u0130li\u015fkiler Bildiri \u00f6zetlerinin de\u011ferlendirilmesi 3.&nbsp; &nbsp; Prof. Dr. Asl\u0131 Ilg\u0131t \u00c7ukurova \u00dcniversitesi Siyaset Bilimi ve Uluslararas\u0131 \u0130li\u015fkiler Bildiri \u00f6zetlerinin de\u011ferlendirilmesi, D\u00fczenleme Kurulu\u2019nu bilimsel [&hellip;]<\/p>\n","protected":false},"author":1,"featured_media":0,"parent":0,"menu_order":0,"comment_status":"closed","ping_status":"closed","template":"","meta":[],"_links":{"self":[{"href":"http:\/\/conference.cag.edu.tr\/doguakdeniz\/wp-json\/wp\/v2\/pages\/542"}],"collection":[{"href":"http:\/\/conference.cag.edu.tr\/doguakdeniz\/wp-json\/wp\/v2\/pages"}],"about":[{"href":"http:\/\/conference.cag.edu.tr\/doguakdeniz\/wp-json\/wp\/v2\/types\/page"}],"author":[{"embeddable":true,"href":"http:\/\/conference.cag.edu.tr\/doguakdeniz\/wp-json\/wp\/v2\/users\/1"}],"replies":[{"embeddable":true,"href":"http:\/\/conference.cag.edu.tr\/doguakdeniz\/wp-json\/wp\/v2\/comments?post=542"}],"version-history":[{"count":19,"href":"http:\/\/conference.cag.edu.tr\/doguakdeniz\/wp-json\/wp\/v2\/pages\/542\/revisions"}],"predecessor-version":[{"id":900,"href":"http:\/\/conference.cag.edu.tr\/doguakdeniz\/wp-json\/wp\/v2\/pages\/542\/revisions\/900"}],"wp:attachment":[{"href":"http:\/\/conference.cag.edu.tr\/doguakdeniz\/wp-json\/wp\/v2\/media?parent=542"}],"curies":[{"name":"wp","href":"https:\/\/api.w.org\/{rel}","templated":true}]}}