{"id":557,"date":"2019-12-12T16:00:49","date_gmt":"2019-12-12T13:00:49","guid":{"rendered":"http:\/\/conference.cag.edu.tr\/doguakdeniz\/?page_id=557"},"modified":"2023-07-19T19:37:10","modified_gmt":"2023-07-19T16:37:10","slug":"ulasim","status":"publish","type":"page","link":"http:\/\/conference.cag.edu.tr\/doguakdeniz\/ulasim\/","title":{"rendered":"ULA\u015eIM"},"content":{"rendered":"\n<p>Kongrede konu\u015fmac\u0131 olarak yer alacak veya y\u00fcz y\u00fcze kat\u0131l\u0131m sa\u011flacak olan kat\u0131l\u0131mc\u0131lar\u0131n \/ dinleyicilerin ula\u015f\u0131m\u0131 i\u00e7in \u00c7ukurova \u00dcniversitesi adresi a\u015fa\u011f\u0131da belirtilmi\u015ftir. <\/p>\n\n\n\n<p>Kongreye online olarak kat\u0131lacak kat\u0131l\u0131mc\u0131lar i\u00e7in ilerleyen tarihlerde online platform giri\u015f bilgileri web sayfam\u0131zda ilan edilecektir. <\/p>\n\n\n\n<p>\u00c7ukurova \u00dcniversitesi, Balcal\u0131, 01330 Sar\u0131\u00e7am\/Adana<\/p>\n","protected":false},"excerpt":{"rendered":"<p>Kongrede konu\u015fmac\u0131 olarak yer alacak veya y\u00fcz y\u00fcze kat\u0131l\u0131m sa\u011flacak olan kat\u0131l\u0131mc\u0131lar\u0131n \/ dinleyicilerin ula\u015f\u0131m\u0131 i\u00e7in \u00c7ukurova \u00dcniversitesi adresi a\u015fa\u011f\u0131da belirtilmi\u015ftir. Kongreye online olarak kat\u0131lacak kat\u0131l\u0131mc\u0131lar i\u00e7in ilerleyen tarihlerde online platform giri\u015f bilgileri web sayfam\u0131zda ilan edilecektir. \u00c7ukurova \u00dcniversitesi, Balcal\u0131, 01330 Sar\u0131\u00e7am\/Adana<\/p>\n","protected":false},"author":1,"featured_media":0,"parent":0,"menu_order":0,"comment_status":"closed","ping_status":"closed","template":"","meta":[],"_links":{"self":[{"href":"http:\/\/conference.cag.edu.tr\/doguakdeniz\/wp-json\/wp\/v2\/pages\/557"}],"collection":[{"href":"http:\/\/conference.cag.edu.tr\/doguakdeniz\/wp-json\/wp\/v2\/pages"}],"about":[{"href":"http:\/\/conference.cag.edu.tr\/doguakdeniz\/wp-json\/wp\/v2\/types\/page"}],"author":[{"embeddable":true,"href":"http:\/\/conference.cag.edu.tr\/doguakdeniz\/wp-json\/wp\/v2\/users\/1"}],"replies":[{"embeddable":true,"href":"http:\/\/conference.cag.edu.tr\/doguakdeniz\/wp-json\/wp\/v2\/comments?post=557"}],"version-history":[{"count":5,"href":"http:\/\/conference.cag.edu.tr\/doguakdeniz\/wp-json\/wp\/v2\/pages\/557\/revisions"}],"predecessor-version":[{"id":890,"href":"http:\/\/conference.cag.edu.tr\/doguakdeniz\/wp-json\/wp\/v2\/pages\/557\/revisions\/890"}],"wp:attachment":[{"href":"http:\/\/conference.cag.edu.tr\/doguakdeniz\/wp-json\/wp\/v2\/media?parent=557"}],"curies":[{"name":"wp","href":"https:\/\/api.w.org\/{rel}","templated":true}]}}