{"id":538,"date":"2019-12-12T15:59:36","date_gmt":"2019-12-12T12:59:36","guid":{"rendered":"http:\/\/conference.cag.edu.tr\/doguakdeniz\/?page_id=538"},"modified":"2026-05-12T09:33:36","modified_gmt":"2026-05-12T06:33:36","slug":"kongre-yeri","status":"publish","type":"page","link":"http:\/\/conference.cag.edu.tr\/statecraft\/kongre-yeri","title":{"rendered":"E\u011fitmenler"},"content":{"rendered":"\n<p class=\"has-text-align-center\" style=\"font-size:clamp(18.959px, 1.185rem + ((1vw - 3.2px) * 1.255), 30px);\"><strong><em>E\u011fitmenler<\/em><\/strong><\/p>\n\n\n\n<p>-Prof. Dr. Didem Buhari- \u0130zmir Katip \u00c7elebi \u00dcniversitesi<\/p>\n\n\n\n<p>-Prof. Dr. Harun Ar\u0131kan- \u00c7ukurova \u00dcniversitesi<\/p>\n\n\n\n<p>-Prof. Dr. Mehmet Erendor- Adana Alparslan T\u00fcrke\u015f Bilim ve Teknoloji \u00dcniversitesi<\/p>\n\n\n\n<p>-Dr. \u00d6\u011fretim \u00dcyesi Saffet Akkaya- \u00c7a\u011f \u00dcniversitesi<\/p>\n\n\n\n<p>&#8211; \u00d6\u011fretim \u00dcyesi- B\u00fcnyadov Zahid- Sumgay\u0131t Devlet \u00dcniversitesi<\/p>\n\n\n\n<p>&#8211; \u00d6\u011fretim \u00dcyesi -\u00dclker Efendiyeva-Western Caspian \u00dcniversitesi<\/p>\n","protected":false},"excerpt":{"rendered":"<p>E\u011fitmenler -Prof. Dr. Didem Buhari- \u0130zmir Katip \u00c7elebi \u00dcniversitesi -Prof. Dr. Harun Ar\u0131kan- \u00c7ukurova \u00dcniversitesi -Prof. Dr. Mehmet Erendor- Adana Alparslan T\u00fcrke\u015f Bilim ve Teknoloji \u00dcniversitesi -Dr. \u00d6\u011fretim \u00dcyesi Saffet Akkaya- \u00c7a\u011f \u00dcniversitesi &#8211; \u00d6\u011fretim \u00dcyesi- B\u00fcnyadov Zahid- Sumgay\u0131t Devlet \u00dcniversitesi &#8211; \u00d6\u011fretim \u00dcyesi -\u00dclker Efendiyeva-Western Caspian \u00dcniversitesi<\/p>\n","protected":false},"author":1,"featured_media":0,"parent":0,"menu_order":0,"comment_status":"closed","ping_status":"closed","template":"","meta":{"footnotes":""},"class_list":["post-538","page","type-page","status-publish","hentry"],"_links":{"self":[{"href":"http:\/\/conference.cag.edu.tr\/statecraft\/wp-json\/wp\/v2\/pages\/538","targetHints":{"allow":["GET"]}}],"collection":[{"href":"http:\/\/conference.cag.edu.tr\/statecraft\/wp-json\/wp\/v2\/pages"}],"about":[{"href":"http:\/\/conference.cag.edu.tr\/statecraft\/wp-json\/wp\/v2\/types\/page"}],"author":[{"embeddable":true,"href":"http:\/\/conference.cag.edu.tr\/statecraft\/wp-json\/wp\/v2\/users\/1"}],"replies":[{"embeddable":true,"href":"http:\/\/conference.cag.edu.tr\/statecraft\/wp-json\/wp\/v2\/comments?post=538"}],"version-history":[{"count":12,"href":"http:\/\/conference.cag.edu.tr\/statecraft\/wp-json\/wp\/v2\/pages\/538\/revisions"}],"predecessor-version":[{"id":1082,"href":"http:\/\/conference.cag.edu.tr\/statecraft\/wp-json\/wp\/v2\/pages\/538\/revisions\/1082"}],"wp:attachment":[{"href":"http:\/\/conference.cag.edu.tr\/statecraft\/wp-json\/wp\/v2\/media?parent=538"}],"curies":[{"name":"wp","href":"https:\/\/api.w.org\/{rel}","templated":true}]}}