{"id":542,"date":"2019-12-12T16:00:07","date_gmt":"2019-12-12T13:00:07","guid":{"rendered":"http:\/\/conference.cag.edu.tr\/doguakdeniz\/?page_id=542"},"modified":"2025-02-13T14:14:35","modified_gmt":"2025-02-13T11:14:35","slug":"bilim-kurulu","status":"publish","type":"page","link":"http:\/\/conference.cag.edu.tr\/statecraft\/bilim-kurulu\/","title":{"rendered":"Bilim Kurulu"},"content":{"rendered":"\n<p class=\"has-text-align-center\" style=\"font-size:clamp(18.959px, 1.185rem + ((1vw - 3.2px) * 1.255), 30px);\"><strong><em>Bilim Kurulu<\/em><\/strong><\/p>\n\n\n\n<p><\/p>\n\n\n\n<p><strong>Prof. Dr. Murat Ko\u00e7<\/strong><\/p>\n\n\n\n<p>\u00c7a\u011f \u00dcniversitesi Rekt\u00f6r Yard\u0131mc\u0131s\u0131<\/p>\n\n\n\n<p><strong>Prof. Dr. Harun Ar\u0131kan<\/strong><\/p>\n\n\n\n<p>\u00c7ukurova \u00dcniversitesi Siyaset Bilimi ve Uluslararas\u0131 \u0130li\u015fkiler B\u00f6l\u00fcm\u00fc \/ B\u00f6l\u00fcm Ba\u015fkan\u0131<\/p>\n\n\n\n<p><strong>Do\u00e7. Dr. Murat G\u00fclmez<\/strong><\/p>\n\n\n\n<p>\u00c7a\u011f \u00dcniversitesi \u0130ktisadi ve &nbsp;\u0130dari Bilimler Fak\u00fcltesi \/ Dekan Yard\u0131mc\u0131s\u0131<\/p>\n\n\n\n<p><strong>Do\u00e7 Dr. Sevgi Balkan \u015eahin<\/strong><\/p>\n\n\n\n<p>\u00c7a\u011f \u00dcniversitesi Uluslararas\u0131 \u0130li\u015fkiler B\u00f6l\u00fcm\u00fc \/ B\u00f6l\u00fcm Ba\u015fkan\u0131<\/p>\n\n\n\n<p><strong>Dr. \u00d6\u011fretim \u00dcyesi Saffet Akkaya<\/strong><\/p>\n\n\n\n<p>\u00c7a\u011f \u00dcniversitesi, Uluslararas\u0131 \u0130li\u015fkiler \u00d6\u011fretim \u00dcyesi<\/p>\n","protected":false},"excerpt":{"rendered":"<p>Bilim Kurulu Prof. Dr. Murat Ko\u00e7 \u00c7a\u011f \u00dcniversitesi Rekt\u00f6r Yard\u0131mc\u0131s\u0131 Prof. Dr. Harun Ar\u0131kan \u00c7ukurova \u00dcniversitesi Siyaset Bilimi ve Uluslararas\u0131 \u0130li\u015fkiler B\u00f6l\u00fcm\u00fc \/ B\u00f6l\u00fcm Ba\u015fkan\u0131 Do\u00e7. Dr. Murat G\u00fclmez \u00c7a\u011f \u00dcniversitesi \u0130ktisadi ve &nbsp;\u0130dari Bilimler Fak\u00fcltesi \/ Dekan Yard\u0131mc\u0131s\u0131 Do\u00e7 Dr. Sevgi Balkan \u015eahin \u00c7a\u011f \u00dcniversitesi Uluslararas\u0131 \u0130li\u015fkiler B\u00f6l\u00fcm\u00fc \/ B\u00f6l\u00fcm Ba\u015fkan\u0131 Dr. \u00d6\u011fretim \u00dcyesi [&hellip;]<\/p>\n","protected":false},"author":1,"featured_media":0,"parent":0,"menu_order":0,"comment_status":"closed","ping_status":"closed","template":"","meta":{"footnotes":""},"class_list":["post-542","page","type-page","status-publish","hentry"],"_links":{"self":[{"href":"http:\/\/conference.cag.edu.tr\/statecraft\/wp-json\/wp\/v2\/pages\/542","targetHints":{"allow":["GET"]}}],"collection":[{"href":"http:\/\/conference.cag.edu.tr\/statecraft\/wp-json\/wp\/v2\/pages"}],"about":[{"href":"http:\/\/conference.cag.edu.tr\/statecraft\/wp-json\/wp\/v2\/types\/page"}],"author":[{"embeddable":true,"href":"http:\/\/conference.cag.edu.tr\/statecraft\/wp-json\/wp\/v2\/users\/1"}],"replies":[{"embeddable":true,"href":"http:\/\/conference.cag.edu.tr\/statecraft\/wp-json\/wp\/v2\/comments?post=542"}],"version-history":[{"count":23,"href":"http:\/\/conference.cag.edu.tr\/statecraft\/wp-json\/wp\/v2\/pages\/542\/revisions"}],"predecessor-version":[{"id":1054,"href":"http:\/\/conference.cag.edu.tr\/statecraft\/wp-json\/wp\/v2\/pages\/542\/revisions\/1054"}],"wp:attachment":[{"href":"http:\/\/conference.cag.edu.tr\/statecraft\/wp-json\/wp\/v2\/media?parent=542"}],"curies":[{"name":"wp","href":"https:\/\/api.w.org\/{rel}","templated":true}]}}