{"id":554,"date":"2019-12-12T16:00:29","date_gmt":"2019-12-12T13:00:29","guid":{"rendered":"http:\/\/conference.cag.edu.tr\/doguakdeniz\/?page_id=554"},"modified":"2025-02-11T09:19:44","modified_gmt":"2025-02-11T06:19:44","slug":"yayin-olanaklari","status":"publish","type":"page","link":"http:\/\/conference.cag.edu.tr\/statecraft\/yayin-olanaklari\/","title":{"rendered":"\u00d6nemli Tarihler"},"content":{"rendered":"\n<p class=\"has-text-align-center\" style=\"font-size:clamp(18.959px, 1.185rem + ((1vw - 3.2px) * 1.255), 30px);\"><strong><em>\u00d6nemli Tarihler<\/em><\/strong><\/p>\n\n\n\n<p><\/p>\n\n\n\n<p><strong>Ba\u015fvurular 17 \u015eubat -10 Mart tarihleri aras\u0131nda <a rel=\"noreferrer noopener\" href=\"mailto:statecraft@cag.edu.tr\" target=\"_blank\">statecraft@cag.edu.tr<\/a> adresine yap\u0131lacakt\u0131r.<\/strong><\/p>\n","protected":false},"excerpt":{"rendered":"<p>\u00d6nemli Tarihler Ba\u015fvurular 17 \u015eubat -10 Mart tarihleri aras\u0131nda statecraft@cag.edu.tr adresine yap\u0131lacakt\u0131r.<\/p>\n","protected":false},"author":1,"featured_media":0,"parent":0,"menu_order":0,"comment_status":"closed","ping_status":"closed","template":"","meta":{"footnotes":""},"class_list":["post-554","page","type-page","status-publish","hentry"],"_links":{"self":[{"href":"http:\/\/conference.cag.edu.tr\/statecraft\/wp-json\/wp\/v2\/pages\/554","targetHints":{"allow":["GET"]}}],"collection":[{"href":"http:\/\/conference.cag.edu.tr\/statecraft\/wp-json\/wp\/v2\/pages"}],"about":[{"href":"http:\/\/conference.cag.edu.tr\/statecraft\/wp-json\/wp\/v2\/types\/page"}],"author":[{"embeddable":true,"href":"http:\/\/conference.cag.edu.tr\/statecraft\/wp-json\/wp\/v2\/users\/1"}],"replies":[{"embeddable":true,"href":"http:\/\/conference.cag.edu.tr\/statecraft\/wp-json\/wp\/v2\/comments?post=554"}],"version-history":[{"count":12,"href":"http:\/\/conference.cag.edu.tr\/statecraft\/wp-json\/wp\/v2\/pages\/554\/revisions"}],"predecessor-version":[{"id":1040,"href":"http:\/\/conference.cag.edu.tr\/statecraft\/wp-json\/wp\/v2\/pages\/554\/revisions\/1040"}],"wp:attachment":[{"href":"http:\/\/conference.cag.edu.tr\/statecraft\/wp-json\/wp\/v2\/media?parent=554"}],"curies":[{"name":"wp","href":"https:\/\/api.w.org\/{rel}","templated":true}]}}