{"id":798,"date":"2022-06-23T14:36:48","date_gmt":"2022-06-23T11:36:48","guid":{"rendered":"http:\/\/conference.cag.edu.tr\/gencarastirmacilar\/?page_id=798"},"modified":"2022-06-23T14:37:32","modified_gmt":"2022-06-23T11:37:32","slug":"acilis-konusmasi","status":"publish","type":"page","link":"https:\/\/conference.cag.edu.tr\/gencarastirmacilar\/acilis-konusmasi\/","title":{"rendered":"A\u00e7\u0131l\u0131\u015f Konu\u015fmas\u0131"},"content":{"rendered":"\n<figure class=\"wp-block-image size-large\"><img loading=\"lazy\" width=\"663\" height=\"1024\" src=\"http:\/\/conference.cag.edu.tr\/gencarastirmacilar\/wp-content\/uploads\/2022\/06\/Acilis_Konusmasi_Afis-1-663x1024.jpg\" alt=\"\" class=\"wp-image-799\" srcset=\"https:\/\/conference.cag.edu.tr\/gencarastirmacilar\/wp-content\/uploads\/2022\/06\/Acilis_Konusmasi_Afis-1-663x1024.jpg 663w, https:\/\/conference.cag.edu.tr\/gencarastirmacilar\/wp-content\/uploads\/2022\/06\/Acilis_Konusmasi_Afis-1-194x300.jpg 194w, https:\/\/conference.cag.edu.tr\/gencarastirmacilar\/wp-content\/uploads\/2022\/06\/Acilis_Konusmasi_Afis-1-768x1187.jpg 768w, https:\/\/conference.cag.edu.tr\/gencarastirmacilar\/wp-content\/uploads\/2022\/06\/Acilis_Konusmasi_Afis-1-994x1536.jpg 994w, https:\/\/conference.cag.edu.tr\/gencarastirmacilar\/wp-content\/uploads\/2022\/06\/Acilis_Konusmasi_Afis-1-1325x2048.jpg 1325w, https:\/\/conference.cag.edu.tr\/gencarastirmacilar\/wp-content\/uploads\/2022\/06\/Acilis_Konusmasi_Afis-1-scaled.jpg 1656w\" sizes=\"(max-width: 663px) 100vw, 663px\" \/><\/figure>\n","protected":false},"excerpt":{"rendered":"","protected":false},"author":1,"featured_media":0,"parent":0,"menu_order":0,"comment_status":"closed","ping_status":"closed","template":"","meta":[],"_links":{"self":[{"href":"https:\/\/conference.cag.edu.tr\/gencarastirmacilar\/wp-json\/wp\/v2\/pages\/798"}],"collection":[{"href":"https:\/\/conference.cag.edu.tr\/gencarastirmacilar\/wp-json\/wp\/v2\/pages"}],"about":[{"href":"https:\/\/conference.cag.edu.tr\/gencarastirmacilar\/wp-json\/wp\/v2\/types\/page"}],"author":[{"embeddable":true,"href":"https:\/\/conference.cag.edu.tr\/gencarastirmacilar\/wp-json\/wp\/v2\/users\/1"}],"replies":[{"embeddable":true,"href":"https:\/\/conference.cag.edu.tr\/gencarastirmacilar\/wp-json\/wp\/v2\/comments?post=798"}],"version-history":[{"count":2,"href":"https:\/\/conference.cag.edu.tr\/gencarastirmacilar\/wp-json\/wp\/v2\/pages\/798\/revisions"}],"predecessor-version":[{"id":801,"href":"https:\/\/conference.cag.edu.tr\/gencarastirmacilar\/wp-json\/wp\/v2\/pages\/798\/revisions\/801"}],"wp:attachment":[{"href":"https:\/\/conference.cag.edu.tr\/gencarastirmacilar\/wp-json\/wp\/v2\/media?parent=798"}],"curies":[{"name":"wp","href":"https:\/\/api.w.org\/{rel}","templated":true}]}}