{"id":490,"date":"2019-12-02T11:50:12","date_gmt":"2019-12-02T08:50:12","guid":{"rendered":"http:\/\/conference.cag.edu.tr\/?page_id=490"},"modified":"2020-01-30T13:46:36","modified_gmt":"2020-01-30T10:46:36","slug":"davet-metni","status":"publish","type":"page","link":"https:\/\/conference.cag.edu.tr\/invisible\/davet-metni","title":{"rendered":"Davet Metni"},"content":{"rendered":"\n<p><strong>24-25 Nisan 2020<\/strong><\/p>\n\n\n\n<p><strong><em>STEAM\u2019de Medyan\u0131n G\u00f6r\u00fcnmeyen Y\u00fcz\u00fc \u2013 Uluslararas\u0131 Konferans<\/em><\/strong><\/p>\n\n\n\n<p><strong>\u00c7a\u011f\n\u00dcniversitesi<\/strong><\/p>\n\n\n\n<p><strong>Davet\nMetni<\/strong><\/p>\n\n\n\n<p>Yenilik\u00e7i bir yakla\u015f\u0131m olarak STEAM, K-12 e\u011fitiminde\nyer alan b\u00fct\u00fcn dersleri g\u00f6r\u00fcn\u00fcr bir bi\u00e7imde b\u00fcnyesinde bar\u0131nd\u0131r\u0131yor. Medya, her\nne kadar bug\u00fcn\u00fcn d\u00fcnyas\u0131nda pek \u00e7ok farkl\u0131 t\u00fcr\u00fcyle hayat\u0131m\u0131z\u0131 ele ge\u00e7irmi\u015f olsa\nda, STEAM\u2019de a\u00e7\u0131k ve net bir g\u00f6r\u00fcn\u00fcrl\u00fc\u011fe sahip de\u011fil. Bu nedenle, 21. Y\u00fczy\u0131l\u2019\u0131n\n\u00f6\u011frencilerini, gelecekte kar\u015f\u0131la\u015facaklar\u0131 k\u00fcresel zorluklara kar\u015f\u0131 daha\ne\u011fitimli hale getirebilmek i\u00e7in, K-12 e\u011fitimindeki STEAM yakla\u015f\u0131m\u0131nda medyay\u0131\ng\u00f6r\u00fcn\u00fcr hale getirmek zorunlu hale gelmi\u015ftir.<\/p>\n\n\n\n<p>Bu konferans\u0131, 21. y\u00fczy\u0131l\u0131n k\u00fcresel zorluklar\u0131na\nodaklanarak, STEAM derslerine medyay\u0131 yerle\u015ftirmenin yollar\u0131n\u0131 tart\u0131\u015fmak\namac\u0131yla, kariyerlerinin her a\u015famas\u0131nda akademisyenler, ara\u015ft\u0131rmac\u0131lar,\ne\u011fitimciler, \u00f6\u011fretmenler ve b\u00fcrokratlar i\u00e7in ortak bir platform geli\u015ftirmek\namac\u0131yla d\u00fczenliyoruz. \u00d6zellikle a\u015fa\u011f\u0131daki konularla ilgileniyoruz:<\/p>\n\n\n\n<div class=\"wp-block-group\"><div class=\"wp-block-group__inner-container\">\n<div class=\"wp-block-group\"><div class=\"wp-block-group__inner-container\">\n<div class=\"wp-block-group\"><div class=\"wp-block-group__inner-container\">\n<ul><li>Medya E\u011fitimi<\/li><\/ul>\n<\/div><\/div>\n<\/div><\/div>\n\n\n\n<ul><li>STEM\/STEAM E\u011fitimi<\/li><\/ul>\n\n\n\n<ul><li>Ele\u015ftirel Medya \/ Ele\u015ftirel Medya Okuryazarl\u0131\u011f\u0131<\/li><\/ul>\n\n\n\n<div class=\"wp-block-group\"><div class=\"wp-block-group__inner-container\">\n<ul><li>Medyadaki G\u00fcncel E\u011filimler<\/li><\/ul>\n\n\n\n<ul><li>Medya ve \u00d6\u011frenme<\/li><\/ul>\n\n\n\n<ul><li>\u0130leti\u015fim ve Medya E\u011fitimi<\/li><\/ul>\n\n\n\n<div class=\"wp-block-group\"><div class=\"wp-block-group__inner-container\">\n<ul><li>E\u011fitim Ara\u015ft\u0131rmalar\u0131nda Metodoloji <\/li><\/ul>\n<\/div><\/div>\n<\/div><\/div>\n<\/div><\/div>\n\n\n\n<p><strong>Sunum\nT\u00fcrleri<\/strong><\/p>\n\n\n\n<p>Kat\u0131l\u0131mc\u0131lar\u0131n, <em>tamamlanm\u0131\u015f\n\u00e7al\u0131\u015fmalar<\/em>\u0131n\u0131<em>, devam eden \u00e7al\u0131\u015fmalar<\/em>\u0131n\u0131\nya da p<em>oster<\/em>lerini konferans ekibine\nsunmalar\u0131 beklenmektedir. Konferans\u0131n dili \u0130ngilizce ve T\u00fcrk\u00e7e Olacakt\u0131r.<\/p>\n\n\n\n<ul><li>Tamamlanm\u0131\u015f ya da devam eden \u00e7al\u0131\u015fmalar\n(15 dakikal\u0131k sunum ve 5 dakikal\u0131k soru-cevap s\u00fcresi)<\/li><li>Poster Sunumu (Posterler, en fazla\nA1\u2014594mm x 840mm olmak \u00fczere herhangi bir ebatta olabilir.)<\/li><\/ul>\n\n\n\n<p><\/p>\n","protected":false},"excerpt":{"rendered":"<p>24-25 Nisan 2020 STEAM\u2019de Medyan\u0131n G\u00f6r\u00fcnmeyen Y\u00fcz\u00fc \u2013 Uluslararas\u0131 Konferans \u00c7a\u011f \u00dcniversitesi Davet Metni Yenilik\u00e7i bir yakla\u015f\u0131m olarak STEAM, K-12 e\u011fitiminde yer alan b\u00fct\u00fcn dersleri g\u00f6r\u00fcn\u00fcr bir bi\u00e7imde b\u00fcnyesinde bar\u0131nd\u0131r\u0131yor. Medya, her ne kadar bug\u00fcn\u00fcn d\u00fcnyas\u0131nda pek \u00e7ok farkl\u0131 t\u00fcr\u00fcyle hayat\u0131m\u0131z\u0131 ele ge\u00e7irmi\u015f olsa da, STEAM\u2019de a\u00e7\u0131k ve net bir g\u00f6r\u00fcn\u00fcrl\u00fc\u011fe sahip de\u011fil. Bu nedenle, [&hellip;]<\/p>\n","protected":false},"author":1,"featured_media":0,"parent":0,"menu_order":0,"comment_status":"closed","ping_status":"closed","template":"","meta":[],"_links":{"self":[{"href":"https:\/\/conference.cag.edu.tr\/invisible\/wp-json\/wp\/v2\/pages\/490"}],"collection":[{"href":"https:\/\/conference.cag.edu.tr\/invisible\/wp-json\/wp\/v2\/pages"}],"about":[{"href":"https:\/\/conference.cag.edu.tr\/invisible\/wp-json\/wp\/v2\/types\/page"}],"author":[{"embeddable":true,"href":"https:\/\/conference.cag.edu.tr\/invisible\/wp-json\/wp\/v2\/users\/1"}],"replies":[{"embeddable":true,"href":"https:\/\/conference.cag.edu.tr\/invisible\/wp-json\/wp\/v2\/comments?post=490"}],"version-history":[{"count":9,"href":"https:\/\/conference.cag.edu.tr\/invisible\/wp-json\/wp\/v2\/pages\/490\/revisions"}],"predecessor-version":[{"id":625,"href":"https:\/\/conference.cag.edu.tr\/invisible\/wp-json\/wp\/v2\/pages\/490\/revisions\/625"}],"wp:attachment":[{"href":"https:\/\/conference.cag.edu.tr\/invisible\/wp-json\/wp\/v2\/media?parent=490"}],"curies":[{"name":"wp","href":"https:\/\/api.w.org\/{rel}","templated":true}]}}