{"id":857,"date":"2024-01-30T13:23:04","date_gmt":"2024-01-30T10:23:04","guid":{"rendered":"https:\/\/conference.cag.edu.tr\/sfais2024\/?page_id=857"},"modified":"2024-02-14T11:53:54","modified_gmt":"2024-02-14T08:53:54","slug":"submission","status":"publish","type":"page","link":"https:\/\/conference.cag.edu.tr\/sfais2024\/submission\/","title":{"rendered":"\u00d6zet G\u00f6nder"},"content":{"rendered":"<!--themify_builder_content-->\n<div id=\"themify_builder_content-857\" data-postid=\"857\" class=\"themify_builder_content themify_builder_content-857 themify_builder tf_clear\">\n                    <div  data-lazy=\"1\" class=\"module_row themify_builder_row tb_69ir309 tb_first tf_w\">\n                        <div class=\"row_inner col_align_top tb_col_count_1 tf_box tf_rel\">\n                        <div  data-lazy=\"1\" class=\"module_column tb-column col-full tb_4xzb309 first\">\n                            <div  data-lazy=\"1\" class=\"module_subrow themify_builder_sub_row tf_w col_align_top tb_col_count_1 tb_o91f309\">\n                <div  data-lazy=\"1\" class=\"module_column sub_column col-full tb_4zk5310 first\">\n                    <!-- module plain text -->\n<div  class=\"module module-plain-text tb_o37d310 \" data-lazy=\"1\">\n        <div class=\"tb_text_wrap\">\n    \u00d6zet G\u00f6nder    <\/div>\n<\/div>\n<!-- \/module plain text -->        <\/div>\n                    <\/div>\n                <div  data-lazy=\"1\" class=\"module_subrow themify_builder_sub_row tf_w col_align_top tb_col_count_1 tb_uq59310\">\n                <div  data-lazy=\"1\" class=\"module_column sub_column col-full tb_uq3n310 first\">\n                    <!-- module text -->\n<div  class=\"module module-text tb_jdzo311   \" data-lazy=\"1\">\n        <div  class=\"tb_text_wrap\">\n        <p><a href=\"http:\/\/conference.cag.edu.tr\/sfais2024\/wp-content\/uploads\/2024\/02\/SFAIS-2024-Abstract-Template-TR.docx\"><em><strong>Bildiri \u00d6zet \u015eablonu \u0130\u00e7in L\u00fctfen TIKLAYINIZ.<\/strong><\/em><\/a><\/p>\n<p>\u00a0<\/p>\n<p><em><strong>Bildirilerinizi e-posta olarak iletebilirsiniz: <a href=\"mailto:sfais2024@cag.edu.tr\">sfais2024@cag.edu.tr<\/a><\/strong><\/em><\/p>\n<p>\u00a0<\/p>    <\/div>\n<\/div>\n<!-- \/module text -->        <\/div>\n                    <\/div>\n                <\/div>\n                        <\/div>\n        <\/div>\n        <\/div>\n<!--\/themify_builder_content-->","protected":false},"excerpt":{"rendered":"<p>\u00d6zet G\u00f6nder Bildiri \u00d6zet \u015eablonu \u0130\u00e7in L\u00fctfen TIKLAYINIZ. \u00a0 Bildirilerinizi e-posta olarak iletebilirsiniz: sfais2024@cag.edu.tr \u00a0<\/p>\n","protected":false},"author":1,"featured_media":0,"parent":0,"menu_order":0,"comment_status":"closed","ping_status":"closed","template":"","meta":{"footnotes":""},"class_list":["post-857","page","type-page","status-publish","hentry"],"builder_content":"\u00d6zet G\u00f6nder\n<p><a href=\"http:\/\/conference.cag.edu.tr\/sfais2024\/wp-content\/uploads\/2024\/02\/SFAIS-2024-Abstract-Template-TR.docx\"><em><strong>Bildiri \u00d6zet \u015eablonu \u0130\u00e7in L\u00fctfen TIKLAYINIZ.<\/strong><\/em><\/a><\/p> <p>\u00a0<\/p> <p><em><strong>Bildirilerinizi e-posta olarak iletebilirsiniz: <a href=\"mailto:sfais2024@cag.edu.tr\">sfais2024@cag.edu.tr<\/a><\/strong><\/em><\/p> <p>\u00a0<\/p>","_links":{"self":[{"href":"https:\/\/conference.cag.edu.tr\/sfais2024\/wp-json\/wp\/v2\/pages\/857","targetHints":{"allow":["GET"]}}],"collection":[{"href":"https:\/\/conference.cag.edu.tr\/sfais2024\/wp-json\/wp\/v2\/pages"}],"about":[{"href":"https:\/\/conference.cag.edu.tr\/sfais2024\/wp-json\/wp\/v2\/types\/page"}],"author":[{"embeddable":true,"href":"https:\/\/conference.cag.edu.tr\/sfais2024\/wp-json\/wp\/v2\/users\/1"}],"replies":[{"embeddable":true,"href":"https:\/\/conference.cag.edu.tr\/sfais2024\/wp-json\/wp\/v2\/comments?post=857"}],"version-history":[{"count":21,"href":"https:\/\/conference.cag.edu.tr\/sfais2024\/wp-json\/wp\/v2\/pages\/857\/revisions"}],"predecessor-version":[{"id":1214,"href":"https:\/\/conference.cag.edu.tr\/sfais2024\/wp-json\/wp\/v2\/pages\/857\/revisions\/1214"}],"wp:attachment":[{"href":"https:\/\/conference.cag.edu.tr\/sfais2024\/wp-json\/wp\/v2\/media?parent=857"}],"curies":[{"name":"wp","href":"https:\/\/api.w.org\/{rel}","templated":true}]}}