{"id":490,"date":"2019-12-02T11:50:12","date_gmt":"2019-12-02T08:50:12","guid":{"rendered":"http:\/\/conference.cag.edu.tr\/?page_id=490"},"modified":"2026-04-16T20:47:24","modified_gmt":"2026-04-16T17:47:24","slug":"davet-metni","status":"publish","type":"page","link":"https:\/\/conference.cag.edu.tr\/ubtdk\/davet-metni\/","title":{"rendered":"Davet Metni"},"content":{"rendered":"\n<p>Say\u0131n Akademisyenler,<\/p>\n\n\n\n<p id=\"p-rc_b90e3a0ba9891fe5-27\">\u00c7a\u011f \u00dcniversitesi olarak, 1 Haziran 2026 tarihinde \u00e7evrim i\u00e7i (online) olarak ev sahipli\u011fi yapaca\u011f\u0131m\u0131z  II. Uluslararas\u0131 Balkanlarda T\u00fcrk Dili, Edebiyat\u0131 ve K\u00fclt\u00fcr\u00fc Sempozyumu\u2019na sizleri davet etmekten b\u00fcy\u00fck onur duyuyoruz.<\/p>\n\n\n\n<p id=\"p-rc_b90e3a0ba9891fe5-28\">Bu sempozyum; Balkan \u00fclkeleri ile T\u00fcrkiye aras\u0131nda akademik i\u015f birli\u011fini kurumsal bir \u00e7er\u00e7evede geli\u015ftirmeyi, k\u00fclt\u00fcrel s\u00fcreklilik ve kar\u015f\u0131l\u0131kl\u0131 etkile\u015fim alanlar\u0131n\u0131 disiplinler aras\u0131 bir yakla\u015f\u0131mla bilimsel d\u00fczlemde de\u011ferlendirmeyi ama\u00e7lamaktad\u0131r<sup><\/sup>. Etkinli\u011fimiz, alan\u0131nda uzman akademisyenleri bir araya getirerek b\u00f6lgesel akademik a\u011f\u0131n s\u00fcrd\u00fcr\u00fclebilirli\u011fine \u00f6nemli katk\u0131lar sa\u011flamay\u0131 hedeflemektedir<sup><\/sup>.<\/p>\n\n\n\n<p>Sempozyum ile ilgili ayr\u0131nt\u0131l\u0131 bilgiler, program ve ba\u015fvuru ko\u015fullar\u0131 ekte sunulmu\u015f olan sempozyum afi\u015fi ve davet metninde yer almaktad\u0131r.<\/p>\n\n\n\n<p id=\"p-rc_b90e3a0ba9891fe5-29\">Bu \u00f6nemli akademik etkinlikte sizleri de aram\u0131zda g\u00f6rmekten b\u00fcy\u00fck mutluluk duyar\u0131z. Konu hakk\u0131nda sorular\u0131n\u0131z olmas\u0131 halinde, taraf\u0131m\u0131za (ubtdk@cag.edu.tr) her zaman ula\u015fabilirsiniz<sup><\/sup>.<\/p>\n\n\n\n<p>G\u00f6sterece\u011finiz ilgi ve katk\u0131lar i\u00e7in \u015fimdiden te\u015fekk\u00fcr eder, sayg\u0131lar\u0131m\u0131z\u0131 sunar\u0131z.<\/p>\n\n\n\n<p id=\"p-rc_b90e3a0ba9891fe5-30\">Sayg\u0131lar\u0131m\u0131zla,<\/p>\n\n\n\n<p id=\"p-rc_b90e3a0ba9891fe5-30\">II. Uluslararas\u0131 Balkanlarda T\u00fcrk Dili, Edebiyat\u0131 ve K\u00fclt\u00fcr\u00fc Sempozyumu D\u00fczenleme Kurulu <\/p>\n\n\n\n<hr class=\"wp-block-separator has-alpha-channel-opacity\"\/>\n\n\n\n<p><strong>English Invitation Letter<\/strong><\/p>\n\n\n\n<p>Dear Researchers,<\/p>\n\n\n\n<p id=\"p-rc_b90e3a0ba9891fe5-31\">As \u00c7a\u011f University, we are honored to invite you to the 2nd International Symposium on Turkish Language, Literature, and Culture in the Balkans, which we will be hosting online on June 1, 2026<sup><\/sup><sup><\/sup><sup><\/sup><sup><\/sup><sup><\/sup><sup><\/sup><sup><\/sup><sup><\/sup><sup><\/sup><sup><\/sup><sup><\/sup><sup><\/sup><sup><\/sup><sup><\/sup><sup><\/sup>.<\/p>\n\n\n\n<p id=\"p-rc_b90e3a0ba9891fe5-32\">This symposium aims to develop academic cooperation between Balkan countries and Turkey within an institutional framework, and to evaluate cultural continuity and mutual interaction areas on a scientific level with an interdisciplinary approach<sup><\/sup>. By bringing together experts in the field, our event seeks to make significant contributions to the sustainability of the regional academic network<sup><\/sup>.<\/p>\n\n\n\n<p>Detailed information regarding the symposium, including the program and application requirements, can be found in the attached symposium poster and invitation letter.<\/p>\n\n\n\n<p id=\"p-rc_b90e3a0ba9891fe5-33\">We would be delighted to have you among us at this important academic event. If you have any questions, please do not hesitate to contact us at ubtdk@cag.edu.tr<sup><\/sup>.<\/p>\n\n\n\n<p>Thank you in advance for your interest and contributions.<\/p>\n\n\n\n<p id=\"p-rc_b90e3a0ba9891fe5-34\">Best regards,<\/p>\n\n\n\n<p id=\"p-rc_b90e3a0ba9891fe5-34\">Organizing Committee of the 2nd International Symposium on Turkish Language, Literature, and Culture in the Balkans <\/p>\n\n\n\n<p><\/p>\n","protected":false},"excerpt":{"rendered":"<p>Say\u0131n Akademisyenler, \u00c7a\u011f \u00dcniversitesi olarak, 1 Haziran 2026 tarihinde \u00e7evrim i\u00e7i (online) olarak ev sahipli\u011fi yapaca\u011f\u0131m\u0131z II. Uluslararas\u0131 Balkanlarda T\u00fcrk Dili, Edebiyat\u0131 ve K\u00fclt\u00fcr\u00fc Sempozyumu\u2019na sizleri davet etmekten b\u00fcy\u00fck onur duyuyoruz. Bu sempozyum; Balkan \u00fclkeleri ile T\u00fcrkiye aras\u0131nda akademik i\u015f birli\u011fini kurumsal bir \u00e7er\u00e7evede geli\u015ftirmeyi, k\u00fclt\u00fcrel s\u00fcreklilik ve kar\u015f\u0131l\u0131kl\u0131 etkile\u015fim alanlar\u0131n\u0131 disiplinler aras\u0131 bir yakla\u015f\u0131mla [&hellip;]<\/p>\n","protected":false},"author":1,"featured_media":0,"parent":0,"menu_order":0,"comment_status":"closed","ping_status":"closed","template":"","meta":{"footnotes":""},"class_list":["post-490","page","type-page","status-publish","hentry"],"_links":{"self":[{"href":"https:\/\/conference.cag.edu.tr\/ubtdk\/wp-json\/wp\/v2\/pages\/490","targetHints":{"allow":["GET"]}}],"collection":[{"href":"https:\/\/conference.cag.edu.tr\/ubtdk\/wp-json\/wp\/v2\/pages"}],"about":[{"href":"https:\/\/conference.cag.edu.tr\/ubtdk\/wp-json\/wp\/v2\/types\/page"}],"author":[{"embeddable":true,"href":"https:\/\/conference.cag.edu.tr\/ubtdk\/wp-json\/wp\/v2\/users\/1"}],"replies":[{"embeddable":true,"href":"https:\/\/conference.cag.edu.tr\/ubtdk\/wp-json\/wp\/v2\/comments?post=490"}],"version-history":[{"count":16,"href":"https:\/\/conference.cag.edu.tr\/ubtdk\/wp-json\/wp\/v2\/pages\/490\/revisions"}],"predecessor-version":[{"id":986,"href":"https:\/\/conference.cag.edu.tr\/ubtdk\/wp-json\/wp\/v2\/pages\/490\/revisions\/986"}],"wp:attachment":[{"href":"https:\/\/conference.cag.edu.tr\/ubtdk\/wp-json\/wp\/v2\/media?parent=490"}],"curies":[{"name":"wp","href":"https:\/\/api.w.org\/{rel}","templated":true}]}}

<p>Sayın Akademisyenler,</p>



<p id="p-rc_b90e3a0ba9891fe5-27">Çağ Üniversitesi olarak, 1 Haziran 2026 tarihinde çevrim içi (online) olarak ev sahipliği yapacağımız  II. Uluslararası Balkanlarda Türk Dili, Edebiyatı ve Kültürü Sempozyumu’na sizleri davet etmekten büyük onur duyuyoruz.</p>



<p id="p-rc_b90e3a0ba9891fe5-28">Bu sempozyum; Balkan ülkeleri ile Türkiye arasında akademik iş birliğini kurumsal bir çerçevede geliştirmeyi, kültürel süreklilik ve karşılıklı etkileşim alanlarını disiplinler arası bir yaklaşımla bilimsel düzlemde değerlendirmeyi amaçlamaktadır<sup></sup>. Etkinliğimiz, alanında uzman akademisyenleri bir araya getirerek bölgesel akademik ağın sürdürülebilirliğine önemli katkılar sağlamayı hedeflemektedir<sup></sup>.</p>



<p>Sempozyum ile ilgili ayrıntılı bilgiler, program ve başvuru koşulları ekte sunulmuş olan sempozyum afişi ve davet metninde yer almaktadır.</p>



<p id="p-rc_b90e3a0ba9891fe5-29">Bu önemli akademik etkinlikte sizleri de aramızda görmekten büyük mutluluk duyarız. Konu hakkında sorularınız olması halinde, tarafımıza (ubtdk@cag.edu.tr) her zaman ulaşabilirsiniz<sup></sup>.</p>



<p>Göstereceğiniz ilgi ve katkılar için şimdiden teşekkür eder, saygılarımızı sunarız.</p>



<p id="p-rc_b90e3a0ba9891fe5-30">Saygılarımızla,</p>



<p id="p-rc_b90e3a0ba9891fe5-30">II. Uluslararası Balkanlarda Türk Dili, Edebiyatı ve Kültürü Sempozyumu Düzenleme Kurulu </p>



<hr class="wp-block-separator has-alpha-channel-opacity"/>



<p><strong>English Invitation Letter</strong></p>



<p>Dear Researchers,</p>



<p id="p-rc_b90e3a0ba9891fe5-31">As Çağ University, we are honored to invite you to the 2nd International Symposium on Turkish Language, Literature, and Culture in the Balkans, which we will be hosting online on June 1, 2026<sup></sup><sup></sup><sup></sup><sup></sup><sup></sup><sup></sup><sup></sup><sup></sup><sup></sup><sup></sup><sup></sup><sup></sup><sup></sup><sup></sup><sup></sup>.</p>



<p id="p-rc_b90e3a0ba9891fe5-32">This symposium aims to develop academic cooperation between Balkan countries and Turkey within an institutional framework, and to evaluate cultural continuity and mutual interaction areas on a scientific level with an interdisciplinary approach<sup></sup>. By bringing together experts in the field, our event seeks to make significant contributions to the sustainability of the regional academic network<sup></sup>.</p>



<p>Detailed information regarding the symposium, including the program and application requirements, can be found in the attached symposium poster and invitation letter.</p>



<p id="p-rc_b90e3a0ba9891fe5-33">We would be delighted to have you among us at this important academic event. If you have any questions, please do not hesitate to contact us at ubtdk@cag.edu.tr<sup></sup>.</p>



<p>Thank you in advance for your interest and contributions.</p>



<p id="p-rc_b90e3a0ba9891fe5-34">Best regards,</p>



<p id="p-rc_b90e3a0ba9891fe5-34">Organizing Committee of the 2nd International Symposium on Turkish Language, Literature, and Culture in the Balkans </p>



<p></p>

<p>Sayın Akademisyenler, Çağ Üniversitesi olarak, 1 Haziran 2026 tarihinde çevrim içi (online) olarak ev sahipliği yapacağımız II. Uluslararası Balkanlarda Türk Dili, Edebiyatı ve Kültürü Sempozyumu’na sizleri davet etmekten büyük onur duyuyoruz. Bu sempozyum; Balkan ülkeleri ile Türkiye arasında akademik iş birliğini kurumsal bir çerçevede geliştirmeyi, kültürel süreklilik ve karşılıklı etkileşim alanlarını disiplinler arası bir yaklaşımla [&hellip;]</p>
